 = 4*j**2 - 49*j + 115. Calculate y(7).
-32
Let j(g) = -50*g - 70. Calculate j(1).
-120
Let z(d) = -5*d - 31. Calculate z(-5).
-6
Let o(c) = c**2 + 4*c - 252. Determine o(-19).
33
Let d(u) = u**2 + 259*u + 11. Give d(0).
11
Let z(t) = 155*t - 1697. What is z(11)?
8
Let s(r) = 2059*r**2 - 24711*r + 35. Give s(12).
-1
Let p(q) = 149*q - 751. Give p(5).
-6
Let d(j) = 3*j**2 - 48*j + 30. Give d(16).
30
Let v(n) = -1143*n + 2255. Calculate v(2).
-31
Let v(s) = -183*s + 7140. Calculate v(39).
3
Let y(s) = 9*s + 61. Determine y(-8).
-11
Let n(b) = -b**2 + 25*b - 79. What is n(3)?
-13
Let b(s) = -s**3 - 110*s**2 - 5*s - 558. Give b(-110).
-8
Let g(x) = -2*x**2 + 17*x + 22. Determine g(9).
13
Let w(g) = 2*g**2 - 6*g + 2. Calculate w(4).
10
Let o(b) = 2*b**2 - 32*b + 86. Give o(9).
-40
Let o(t) = 251*t - 281. Calculate o(-2).
-783
Let h(q) = -8*q**3 - 71*q**2 - 109*q - 28. Calculate h(-7).
0
Let b(t) = -3*t**2 + 152*t + 2179. Determine b(-13).
-304
Let v(p) = -p**2 - 341*p - 1004. Give v(-3).
10
Let o(c) = -15*c**2 + 69*c + 15. What is o(6)?
-111
Let h(f) = -2*f**2 - 21*f - 15. Determine h(-7).
34
Let s(h) = -370*h - 52. Calculate s(-1).
318
Let w(u) = u**2 + 41*u - 1642. Give w(25).
8
Let c(g) = 24*g**2 + 60*g + 24. Give c(-2).
0
Let q(a) = 690*a + 49. Determine q(0).
49
Let x(d) = d**2 + 33*d + 122. What is x(-6)?
-40
Let z(a) = a**3 + 24*a**2 - 29*a - 160. What is z(-25)?
-60
Let w(p) = p**3 + 11*p**2 - 38*p - 478. Give w(-10).
2
Let a(h) = -210*h - 1466. Give a(-7).
4
Let v(b) = -55*b - 4784. Give v(-87).
1
Let h(x) = 303*x - 1824. Calculate h(6).
-6
Let x(z) = -z**3 + 41*z**2 - z + 213. Give x(41).
172
Let d(q) = q**3 + 5*q**2 - 992*q - 19. Give d(29).
-193
Let k(x) = 9*x**2 - 213*x + 331. Determine k(22).
1
Let h(a) = 3*a**2 + 23*a - 544. Give h(14).
366
Let y(m) = 31*m**2 - 124*m + 4. Calculate y(4).
4
Let b(n) = n**3 - 99*n**2 + 812*n - 215. What is b(90)?
-35
Let r(i) = 306*i + 24176. Determine r(-79).
2
Let q(c) = -2*c**2 - 3*c + 161. Give q(8).
9
Let d(z) = -4*z**2 - 193*z - 1667. Determine d(-37).
-2
Let i(p) = -p**3 + 34*p**2 + 71*p + 123. Give i(36).
87
Let b(p) = -3*p**3 + 11*p - 9. Determine b(4).
-157
Let m(r) = -28*r + 568. Determine m(20).
8
Let z(q) = -3*q**3 - q**2 - 36*q + 73. Determine z(2).
-27
Let w(g) = 25*g + 1. Give w(4).
101
Let b(h) = -h**3 - 5*h**2 + 11*h + 27. What is b(-5)?
-28
Let i(r) = r**2 + 33*r + 88. Give i(-19).
-178
Let r(i) = -6*i - 97. Give r(-6).
-61
Let j(c) = -31*c + 50. Calculate j(3).
-43
Let o(m) = 3*m**2 + 143*m - 440. Calculate o(3).
16
Let b(h) = h**3 - 22*h**2 - 139*h - 26. Determine b(-5).
-6
Let s(y) = 7*y**2 - 39*y + 119. What is s(3)?
65
Let w(d) = 2*d**2 + 42*d + 12. What is w(-9)?
-204
Let p(m) = -60*m + 1172. What is p(20)?
-28
Let f(y) = y**3 + 11*y**2 + 33*y - 11. Give f(-6).
-29
Let f(y) = -3*y**2 + 3*y - 4. Determine f(2).
-10
Let m(r) = 5*r**3 + 10*r**2 - 6*r - 2. Determine m(1).
7
Let z(d) = -9*d**2 - 526*d - 143. What is z(-59)?
-438
Let l(q) = -q**3 + 15*q**2 + 252*q - 57. Give l(25).
-7
Let j(m) = 18*m - 441. What is j(24)?
-9
Let i(y) = 2*y**2 - 24*y + 11. Calculate i(6).
-61
Let f(d) = -d**3 - 9*d**2 - 544*d - 3718. Give f(-7).
-8
Let d(x) = -5057*x - 65737. Determine d(-13).
4
Let m(q) = -3*q**3 + 26*q**2 - 8*q + 147. Calculate m(9).
-6
Let k(z) = 2*z**3 + 61*z**2 + 157*z + 5831. Calculate k(-31).
3
Let k(l) = 2*l**2 + 21*l + 26. What is k(-13)?
91
Let c(n) = n**3 + 31*n**2 + 46*n - 289. What is c(-29)?
59
Let z(a) = -7*a + 54. Determine z(-27).
243
Let q(x) = 38*x + 27. Give q(2).
103
Let v(j) = -2*j**2 - 2*j + 3. Calculate v(-8).
-109
Let b(l) = -106*l + 5508. What is b(54)?
-216
Let d(z) = 13*z**2 - 51*z - 24. Give d(3).
-60
Let v(m) = -1229*m + 34417. Determine v(28).
5
Let p(f) = -2*f**3 + 39*f**2 - 71*f + 285. Determine p(18).
-21
Let c(d) = -2*d**3 + 13*d**2 + 100*d - 34. What is c(11)?
-23
Let j(w) = -367*w + 13568. What is j(37)?
-11
Let n(l) = l**3 - 2*l**2 + 5*l - 12. Determine n(6).
162
Let w(t) = t**2 + 64*t + 576. Calculate w(-54).
36
Let o(u) = 35*u + 456. Calculate o(-13).
1
Let n(v) = -40*v**2 - 22*v - 13. Determine n(-2).
-129
Let j(d) = -830*d - 213. Calculate j(-1).
617
Let t(h) = 2*h**2 - 15*h - 10. Give t(8).
-2
Let a(f) = -f**3 - 28*f**2 - 200*f - 553. Calculate a(-19).
-2
Let d(n) = -17*n**2 + 36*n + 22. Calculate d(4).
-106
Let c(l) = -178*l**3 + 22*l**2 - 20*l - 1. What is c(1)?
-177
Let h(c) = 5*c - 304. Determine h(23).
-189
Let v(n) = 2*n**3 + 201*n**2 + 134*n + 3394. Give v(-100).
-6
Let z(n) = -2*n**2 - 51*n - 53. Give z(-1).
-4
Let s(m) = m**3 + 62*m**2 - 261*m + 204. Determine s(-66).
6
Let p(v) = 42*v - 27. What is p(7)?
267
Let d(t) = t**3 - 13*t**2 + 9*t - 96. Calculate d(13).
21
Let d(g) = g**3 + 2*g**2 + 73*g + 73. Determine d(-1).
1
Let v(r) = 146*r - 1105. Give v(8).
63
Let v(h) = -h**2 + 33*h + 200. What is v(-5)?
10
Let f(c) = c**3 - 20*c**2 + 17*c + 94. Give f(19).
56
Let i(d) = 35*d - 850. Determine i(22).
-80
Let l(f) = -46*f + 2220. Determine l(50).
-80
Let q(h) = 14*h - 681. Determine q(49).
5
Let g(r) = r**3 + 68*r**2 - 24*r + 13421. Determine g(-71).
2
Let l(y) = y**3 + y**2 - 253*y - 509. What is l(-2)?
-7
Let f(l) = 130*l - 547. Determine f(4).
-27
Let b(k) = -3*k**2 + 70*k - 191. Calculate b(21).
-44
Let z(o) = 614*o - 2634. Give z(4).
-178
Let j(z) = z**3 - 10*z**2 - 65*z + 119. What is j(14)?
-7
Let c(a) = -2*a**2 - 86*a - 176. Determine c(-41).
-12
Let o(y) = 2*y**3 + 17*y**2 - 68*y - 598. Calculate o(-8).
10
Let q(t) = -100*t + 1357. What is q(12)?
157
Let b(y) = 32*y - 366. Calculate b(15).
114
Let r(l) = -l**2 - 71*l + 2289. What is r(24)?
9
Let y(j) = j**3 - 59*j**2 + 65*j - 405. What is y(58)?
1
Let l(p) = -95*p - 2703. Calculate l(-28).
-43
Let i(t) = 1042*t - 6227. What is i(6)?
25
Let w(x) = 2*x**3 - 13*x**2 - 47*x + 280. Determine w(7).
0
Let k(u) = u**2 - 117*u + 2394. Determine k(26).
28
Let l(j) = -43*j - 1073. What is l(-25)?
2
Let h(v) = -27*v - 122. What is h(-6)?
40
Let k(c) = c**2 + 57*c + 774. Determine k(-28).
-38
Let w(u) = 2*u**3 - 87*u**2 + 40*u - 97. What is w(43)?
-226
Let p(a) = 871*a + 8679. Calculate p(-10).
-31
Let i(h) = -419*h - 5034. Give i(-12).
-6
Let z(r) = -3*r**2 - 25*r + 132. What is z(4)?
-16
Let u(m) = 255*m + 2048. Give u(-8).
8
Let z(k) = -k**2 - 57*k + 3845. Determine z(-98).
-173
Let l(j) = 2*j**3 - 41*j**2 - 63*j - 35. Determine l(23).
1161
Let f(b) = -4*b**2 + 93*b + 79. Give f(25).
-96
Let n(h) = -h - 1. Calculate n(-14).
13
Let l(f) = -9*f**3 - 33*f**2 - 30*f - 3. Calculate l(-2).
-3
Let o(a) = -a**3 - 10*a**2 + 15*a + 28. Calculate o(-11).
-16
Let v(l) = -86*l**3 - 8*l**2 + 11*l - 4. Determine v(1).
-87
Let y(n) = 21*n**2 + 65*n - 28. Calculate y(-3).
-34
Let p(s) = -6*s**2 - 118*s - 598. What is p(-7)?
-66
Let q(g) = -g**2 + 37*g - 33. Determine q(1).
3
Let r(u) = -u**3 - 43*u**2 - 160*u - 75. Give r(-39).
81
Let k(c) = -c**2 - 79*c + 10216. Calculate k(69).
4
Let n(j) = -6*j**2 + 73*j - 10. What is n(0)?
-10
Let h(q) = -q**2 - 137*q - 1497. Calculate h(-12).
3
Let o(x) = x**2 + 39*x + 285. What is o(-29)?
-5
Let b(y) = -y**2 - 140*y - 1293. Calculate b(-10).
7
Let a(j) = 2*j**2 + 34*j - 343. Determine a(-25).
57
Let u(d) = d**2 - 98*d - 716. Give u(-7).
19
Let t(f) = -f**3 + 99*f**2 - 100*f + 174. Calculate t(98).
-22
Let r(y) = -4244*y + 4225. Give r(1).
-19
Let q(z) = -23*z**2 - 19*z + 84. Give q(3).
-180
Let o(r) = -854*r - 6835. Determine o(-8).
-3
Let k(r) = -r**3 - 6*r**2 + r + 36. Give k(-4).
0
Let t(h) = h**2 - h + 12. Give t(10).
102
Let k(v) = 170*v - 8681. Calculate k(51).
-11
Let r(h) = h**3 - 5*h**2 - 105. Give r(7).
-7
Let w(y) = -y**3 - 180*y**2 + 1906*y + 1133. What is w(-190)?
-7
Let u(y) = 5*y**2 - 167*y - 1317. Calculate u(40).
3
Let g(w) = 703*w - 5610. Give g(8).
14
Let p(z) = -2*z**2 + 45*z + 20. Give p(-8).
-468
Let i(j) = -6*j**3 + 22*j**2 + 38*j + 5. What is i(5)?
-5
Let t(f) = 613*f + 3679. What is t(-6)?
1
Let j(b) = -2*b**3 - 79*b**2 - 42*b - 116. What is j(-39)?
1
Let o(y) = -10623*y + 53120. What is o(5)?
5
Let n(j) = -35*j + 3213. Determine n(92).
-7
Let r(z) = -9*z**2 - 21*z - 9. What is r(-5)?
-129
Let g(v) = 52*v - 64. Determine g(-5).
-324
Let o(a) = -152*a - 4854. Calculate o(-32).
10
Let r(m) = -64*m - 451. Give r(-7).
-3
Let w(a) = -44*a